t z(k) = 19*k**2 - 4*k + 51. Suppose 0 = -33*f + 37*f - 40. List the prime factors of z(f).
3, 7, 13
Suppose -15*y + 12*y + 3813 = 2*u, 2*y + 6 = 0. List the prime factors of u.
3, 7, 13
Let m = 905 - -87. List the prime factors of m.
2, 31
Let r(p) = -p**3 - 6*p**2 - 7*p + 9. Let n be r(-4). Suppose -n*c = -20, 0 = 2*h - 0*h - 3*c + 186. What are the prime factors of -7 + 4 - 1 - h?
83
Let p(t) = t + 8. Let l be p(-1). What are the prime factors of 109 - (7 - (l + -2))?
107
Suppose 3*r - r = 0. Suppose 3*n - 5191 = -5*o, -n + 0*n + o + 1741 = r. List the prime factors of n.
3, 193
List the prime factors of (-681130)/(-70) + (-16)/(-28).
37, 263
Let k(d) be the first derivative of 7*d**3/3 + d**2/2 - 12*d - 27. Let u be k(5). Suppose 13*w = 9*w + u. List the prime factors of w.
2, 3, 7
Let k(w) = -2 - 7 - 1 - 5*w**2 + 2*w**3 - 6*w + 3. List the prime factors of k(5).
2, 11
Suppose 28 = 4*x - 12. Suppose -2*n + x = -0*n, 5*i = 5*n + 3015. Suppose 0*j - i = -5*s - j, 2*s - j = 239. What are the prime factors of s?
11
Let q = 324 - 359. Let y(v) = -28*v - 286. What are the prime factors of y(q)?
2, 347
Let d = 36183 - 20399. Suppose -17*i = -13269 - d. What are the prime factors of i?
1709
Let s = 1826 + 94. Suppose -5*q - q + s = 0. What are the prime factors of q/7 - 26/(-91)?
2, 23
Suppose 17*g - 28315 = 31797. List the prime factors of g.
2, 13, 17
Let h = 484 - 479. Suppose w - 615 - h = 3*z, 0 = -3*w + 4*z + 1875. What are the prime factors of w?
17, 37
Let g be (-376)/3*(-9)/6. Suppose 0 = 12*r - 1124 + g. Let b = 123 - r. List the prime factors of b.
3, 5
Let r(b) = 6*b**2 - 60*b + 3. Let v be r(10). Suppose -3539 = -3*j + 5*u - 537, 3047 = v*j + 4*u. List the prime factors of j.
1009
Let h = 576 + -143. Let d = -236 + h. What are the prime factors of d?
197
Let z(t) = -655*t - 1825. What are the prime factors of z(-18)?
5, 1993
Let j = -265 - -148. Let i = 189 + j. What are the prime factors of i?
2, 3
Let u be (-10)/(-3) - -1*6/9. Let w be 150 - (u/1 - (3 + -1)). Suppose -42*p + 41*p = -w. What are the prime factors of p?
2, 37
Suppose 4*m + u - 16 = 0, -4*u + 1 = -m - 3*u. Let t = 1 - m. List the prime factors of (-162)/t*(-5)/(-15).
3
What are the prime factors of 4133*4 - (-4)/(8*(-7)/(-42))?
5, 3307
Let l(f) = -f**2 - 4*f - 2. Let s(u) = u - 7. Let t be s(5). Let y be l(t). Suppose i + 3*i - 322 = -2*j, -y*j = -i + 83. List the prime factors of i.
3
Let m(h) = 105*h**2 + 9*h - 142. List the prime factors of m(-11).
2, 19, 41
Suppose -5*p = o + 1094 - 3878, -5*p = 5*o - 2780. Suppose 2*z - 17*c - 206 = -21*c, 5*z - p = 4*c. What are the prime factors of z?
109
Suppose 24*i - 1462080 = -196*i + 28*i. List the prime factors of i.
5, 1523
What are the prime factors of (-4 - 14/(-7))*(-61106)/4?
30553
Let k be (1 - 1) + (186 - 6). Let i = 74 + k. What are the prime factors of i?
2, 127
Suppose -3*k = k - 52. Suppose -17 - k = 5*i. List the prime factors of 19 - i/(-9)*-6.
23
Let n(q) = -q**3 - 15*q**2 - 28*q - 21. Let c be n(-13). Suppose c*h = -y + 81, 10*y - 4*h + 156 = 12*y. List the prime factors of y.
2, 19
Let f(r) = r**3 + 3*r - 3. Let d be f(3). Let c be (-1298)/d - (-1)/3. What are the prime factors of 13/c + 452/6?
3, 5
Suppose -19*i = -17*i. Suppose 1902 = 3*n - g, -3*n - 3*g - g + 1887 = i. What are the prime factors of n?
3, 211
Let y(s) = -s**3 - 21*s**2 - 35*s - 3. Let k be y(-18). Let l = -213 - k. List the prime factors of l.
2, 3, 11
Let k be ((-4 + 4)/(-4))/1. Let o be 0/(-12) - 75*(k + -1). Let p = o + 17. What are the prime factors of p?
2, 23
Let x(i) = 327*i - 114. Let j be x(4). Let p = j + -626. What are the prime factors of p?
2, 71
Suppose 2*n + 22*k - 17*k - 12973 = 0, 2*k = -4*n + 25954. List the prime factors of n.
3, 7, 103
Let n = 60 + -64. Let u = n - -50. List the prime factors of u.
2, 23
Suppose 31*x + 4*o = 30*x + 13869, 55463 = 4*x + 3*o. List the prime factors of x.
5, 47, 59
Let n = -111 - -113. Suppose -t = -5*x - 465, -n*t - 2*x = -3*x - 903. List the prime factors of t.
2, 3, 5
Let m be (-92)/69*(-17991)/6. Suppose -5*y - 1583 = -4*o + 2*o, 0 = 5*o + y - m. List the prime factors of o.
17, 47
What are the prime factors of 4*1 - ((-485921)/(-148))/((-1)/4)?
3, 29, 151
Suppose -6*i + 10 = -8. Suppose 32 = i*j - 136. Let t = -15 + j. What are the prime factors of t?
41
What are the prime factors of (-155016)/(-12) - (-3 + 8 + -10)?
12923
Suppose -2*b - 5*o = -44469, 0 = 2*b + 2*o - 20245 - 24215. List the prime factors of b.
3, 31, 239
Suppose -10*y = -10*y - 3*y. Suppose y = 4*k - 978 - 366. Suppose -2*a = 4*f - k, f + 627 = 7*a - 3*a. List the prime factors of a.
2, 79
Suppose -51*r + 48*r + 3*y = -50814, r + 4*y = 16923. What are the prime factors of r?
3, 5, 1129
Suppose -5*q - 26 = -4*k, 2 = 3*q - 4*k + 24. What are the prime factors of 1128/33 + q + (-8)/44?
2
Suppose -v = 17*v - 27900. Suppose 4*z - v = 2*z - 2*r, 0 = -5*r - 10. List the prime factors of z.
3, 7, 37
Let m(t) = -5*t**2 - t - 5. Let y(v) = -4*v**2 - 4. Let l(k) = -5*m(k) + 6*y(k). Let d be l(-5). What are the prime factors of d + 11 - (-81)/(-27)?
3
Let d(i) = 43*i + 5. Let p be d(11). Suppose 7*x - 5*x - p = 0. Suppose n = -2*c + 95, 4*c - 218 = -5*n + x. List the prime factors of n.
89
Suppose 3*r + 3183 = -i + 16853, -3*i + 9125 = 2*r. List the prime factors of r.
5, 911
Let u(n) = n**2 + 9*n - 17. Let f be u(-10). Let x be (-3645)/f - 4/(-14). Let t = -329 + x. List the prime factors of t.
2, 3
Suppose 5560136 + 2860114 = 309*v. What are the prime factors of v?
2, 5, 109
Suppose 5*p - 8*p - 19 = -2*i, -3*i = 3*p - 6. Let x be (-7)/(-2) - 3/6. Suppose -w + x*m = i, 2*m = -5*w + 19 + 7. What are the prime factors of w?
2
Suppose 21*n + f = 19*n + 18391, -3*n + 27587 = f. List the prime factors of n.
2, 11, 19
Suppose -13 - 7 = -5*b. Suppose 485 + 719 = b*j. Suppose y + y = 2*w - 124, 5*w - 2*y = j. What are the prime factors of w?
59
Let r = 1193 - 202. Suppose -n - 10 = 4*n, 5*i = -2*n + r. Let q = -91 + i. What are the prime factors of q?
2, 3
List the prime factors of 0/(10/2) + (-81456)/(1 + -9).
2, 3, 1697
Suppose -4*j + 62 = -4*h + 30, -j - 2 = h. Suppose 4*g - j*p = 1939, -3*g + 1909 = -p + 451. What are the prime factors of g?
487
Let m(t) = -t**2 - 7*t - 10. Let x be m(-3). Let z be 2/(-2)*x + -16 + 18. Suppose -5*g + 253 + 777 = z. What are the prime factors of g?
2, 103
Let h be (-48)/40*(-10)/4. List the prime factors of (20 - 18)/(h/843).
2, 281
Let b be (5/2 - 4)*20/(-6). Suppose -1030 = b*g - 135. Let p = 310 + g. List the prime factors of p.
131
Let q(u) be the first derivative of u**3/3 - 9*u**2 + 19*u + 2. Let x be q(17). List the prime factors of (x/3)/(1/39).
2, 13
Suppose -2854 = -2*r + 4*q, 0*r - 4*q = 4*r - 5756. Let c = 2015 - r. List the prime factors of c.
2, 5, 29
Let g(j) = j**3 + 16*j**2 + 23*j - 9. Let i be g(-14). Suppose i*t - 423 = 58*t. What are the prime factors of t?
3, 47
Let d be (-28)/6*(-15)/2. Let v be 185/d + (-4)/14. Suppose -3*p - 27 = -2*w, 4*w - p = -v*p + 64. What are the prime factors of w?
3, 5
Let v(o) = 3*o**3 + 15*o - 119. List the prime factors of v(7).
5, 7, 29
Let x be 1 + -2 - (-5 + 3 - 2). Let w(z) = z**2 + 4*z + 1. Let o(p) = p**3 - 4*p**2 - 12*p - 4. Let f(v) = 4*o(v) + 14*w(v). What are the prime factors of f(x)?
2, 7
Let l be 2*(-5 + (-990)/(-12)). Suppose -j - 77 = -l. List the prime factors of j.
2, 3, 13
Let s(o) = -o**3 - 13*o**2 - 11*o + 12. Let p be s(-12). Suppose -c + 5*c - 12 = p. What are the prime factors of (-2)/c*-3 + 0?
2
Let z(b) = -3*b**2 + 46*b + 5213. List the prime factors of z(0).
13, 401
Let m(u) = 12 + 19*u - 18*u + 96*u + 56*u. List the prime factors of m(1).
3, 5, 11
Let k(s) = s**3 + 28*s**2 - 92*s + 30. Let u be k(-31). What are the prime factors of (-2)/3*((-9426)/12 - u)?
523
Let w be (10/2)/((-1)/3). What are the prime factors of 103/2*(-120)/w?
2, 103
Let z(j) = -9*j + 7. Let h be z(1). Let y be (-2 - -1) + (-4)/h - -1. Suppose y*q - 280 = -0*q. List the prime factors of q.
2, 5, 7
Suppose 21*l - 28*l = -14. Suppose -14*m = -10*m + 4*f - 180, -3*m - l*f + 135 = 0. What are the prime factors of m?
3, 5
Suppose 598 - 1813 = -9*w. What are the prime factors of 805 - (510/w - 4/(-18))?
3, 89
Let y(d) = 5*d**3 - 31*d**2 - d - 3. Let p(